e 6, what is -1002 + -15?
-1021
In base 15, what is -90 + 4?
-8b
In base 4, what is -21220 + 2?
-21212
In base 11, what is -743 + 2?
-741
In base 13, what is -4 - -910?
909
In base 7, what is -541 - 2?
-543
In base 14, what is 82 - -28?
aa
In base 4, what is -10 + 30?
20
In base 16, what is -4 + -3f8?
-3fc
In base 7, what is 20 + -510?
-460
In base 2, what is 10001001100100 - 11?
10001001100001
In base 2, what is 10 - 1011010001?
-1011001111
In base 12, what is -2 + -4026?
-4028
In base 14, what is -257 - 0?
-257
In base 9, what is 13252 + 5?
13257
In base 16, what is 2a1 - 1?
2a0
In base 14, what is -85 + -11?
-96
In base 8, what is -227 + 5?
-222
In base 12, what is 198 + -4?
194
In base 2, what is 1001 + 100010001?
100011010
In base 14, what is -549 - 4?
-54d
In base 6, what is -23 - 2425?
-2452
In base 9, what is 20 + 8?
28
In base 10, what is -1 + -1403?
-1404
In base 2, what is 10100111 + 100?
10101011
In base 3, what is 12 + -1101?
-1012
In base 8, what is 0 - -65?
65
In base 7, what is 35 - -50?
115
In base 16, what is 9f + -3?
9c
In base 16, what is e + 0?
e
In base 4, what is 2 + -221322?
-221320
In base 16, what is 1 - 196?
-195
In base 4, what is -23031 + 0?
-23031
In base 2, what is 1000100111001 + -10?
1000100110111
In base 16, what is 20a + 1?
20b
In base 14, what is 246 + 0?
246
In base 7, what is -1060 + 15?
-1042
In base 14, what is d6 - 1?
d5
In base 14, what is -2 - 295?
-297
In base 13, what is 13 - 6c?
-59
In base 11, what is 158 - 36?
122
In base 5, what is 41233 - -1?
41234
In base 8, what is -43 - -4?
-37
In base 4, what is -33022 + 1?
-33021
In base 10, what is 28 + 0?
28
In base 5, what is -1023 - 1?
-1024
In base 8, what is -4 - -3271?
3265
In base 16, what is -434 + c?
-428
In base 11, what is 188 + -2?
186
In base 13, what is -45 + -10?
-55
In base 10, what is 768 + 20?
788
In base 10, what is 66 + 13?
79
In base 15, what is -232 - -1?
-231
In base 9, what is 317 + -7?
310
In base 4, what is -11 + 31002?
30331
In base 9, what is 256 - 50?
206
In base 2, what is 100101101 + 11?
100110000
In base 14, what is 16 + -1?
15
In base 5, what is -33 + -10?
-43
In base 14, what is 9 - -2?
b
In base 13, what is 1a + -5?
15
In base 14, what is 15 - -440?
455
In base 4, what is -21 + -1213?
-1300
In base 14, what is 4 - -1d4?
1d8
In base 12, what is 2 + -10a?
-108
In base 2, what is 101 - 111010101?
-111010000
In base 2, what is -1000001 - -110?
-111011
In base 12, what is -42 - -272?
230
In base 9, what is 0 - -4?
4
In base 3, what is 1001 - 12?
212
In base 9, what is 78 - -4?
83
In base 15, what is 2a - 3?
27
In base 8, what is 5 - 77?
-72
In base 7, what is -3 + -16?
-22
In base 9, what is 0 - 2874?
-2874
In base 5, what is -3303 + 1?
-3302
In base 5, what is -34211 + -1?
-34212
In base 5, what is 103424 - -12?
103441
In base 10, what is 36 - -129?
165
In base 8, what is 7775 - 0?
7775
In base 7, what is 413 + 3?
416
In base 16, what is -3 + 1d?
1a
In base 11, what is -9 - 82?
-90
In base 3, what is -100022211 - -10?
-100022201
In base 5, what is 12 - -234?
301
In base 12, what is -672 + -3?
-675
In base 5, what is 10 + 3?
13
In base 15, what is 0 + 1a2?
1a2
In base 7, what is 165 - 2?
163
In base 5, what is 410 + -234?
121
In base 16, what is -1b9 - 4?
-1bd
In base 2, what is -111000 - -10?
-110110
In base 5, what is -3 + -12341?
-12344
In base 3, what is -1001 + 111?
-120
In base 7, what is 216 + -434?
-215
In base 5, what is 43 + -1120?
-1022
In base 9, what is -286 + -5?
-302
In base 12, what is -4 + -1005?
-1009
In base 9, what is 54 + 0?
54
In base 9, what is 618 + -4?
614
In base 11, what is 4063 - -2?
4065
In base 13, what is 4 - 65?
-61
In base 3, what is -2 + 2020?
2011
In base 5, what is 1022 + 32?
1104
In base 9, what is 25 - -6?
32
In base 8, what is 4277 + 5?
4304
In base 4, what is 1 - 103?
-102
In base 7, what is 123 - 3?
120
In base 9, what is 202 + 82?
284
In base 7, what is 6 + -65?
-56
In base 15, what is -23 - -3?
-20
In base 6, what is 30 - -35?
105
In base 9, what is -2 + -47?
-50
In base 9, what is 124 - 23?
101
In base 12, what is 2 + 70?
72
In base 7, what is -1 + -11010?
-11011
In base 3, what is 101112 + 12?
101201
In base 2, what is -1000 - -10000?
1000
In base 9, what is 1 - -4?
5
In base 7, what is -2 - -1252?
1250
In base 3, what is -2101 + -11?
-2112
In base 16, what is b8 - -d?
c5
In base 16, what is -100 + -4?
-104
In base 12, what is -157 - 1?
-158
In base 7, what is 3422 - -3?
3425
In base 12, what is 2 - -104?
106
In base 11, what is 133 - -48?
180
In base 3, what is -11 - 2212?
-10000
In base 9, what is -18823 - 0?
-18823
In base 6, what is -101 + -22?
-123
In base 4, what is -120 + 30?
-30
In base 15, what is 62a - 3?
627
In base 14, what is -4233 + 5?
-422c
In base 16, what is -25b - -1?
-25a
In base 10, what is -16 - -12?
-4
In base 3, what is -100 - -111011?
110211
In base 7, what is -140 - -4?
-133
In base 7, what is -631 + 13?
-615
In base 2, what is 10000010 + -11010?
1101000
In base 5, what is -14 + -1?
-20
In base 13, what is -9 - -18?
c
In base 11, what is -4 - 462?
-466
In base 14, what is 0 - 164?
-164
In base 4, what is 200 + -13?
121
In base 9, what is 326 - 8?
317
In base 11, what is 4 + -132?
-129
In base 14, what is 90 + 10?
a0
In base 3, what is -2 - 12211?
-12220
In base 16, what is -f - -39?
2a
In base 13, what is -46 - -4?
-42
In base 6, what is 12 - 2?
10
In base 13, what is -4 + 191c?
1918
In base 14, what is -3 + 733?
730
In base 8, what is 12 + -335?
-323
In base 15, what is 7 + 5?
c
In base 15, what is -5 + b89?
b84
In base 16, what is -1 + 22?
21
In base 14, what is 44 + 1d?
63
In base 12, what is aa + -3?
a7
In base 7, what is 260 - 3?
254
In base 6, what is 4 - -3102?
3110
In base 2, what is -110010010100 - 1010?
-110010011110
In base 6, what is -24 + 2?
-22
In base 15, what is -4a - -2e?
-1b
In base 5, what is -242 + 1?
-241
In base 9, what is 6 - 6?
0
In base 4, what is -20100 + -3?
-20103
In base 8, what is -3017 + -6?
-3025
In base 6, what is 140 - 5?
131
In base 9, what is -5 - 3108?
-3114
In base 9, what is 2 - -36?
38
In base 10, what is 3998 - -3?
4001
In base 5, what is -10 + 30?
20
In base 15, what is 3c6 - 4?
3c2
In base 5, what is -12 - 3?
-20
In base 8, what is -42 - 10?
-52
In base 13, what is -6 - -78?
72
In base 7, what is 2530 - 2?
2525
In base 11, what is 2 + -194?
-192
In base 5, what is -4020 - -4?
-4011
In base 13, what is -1b5 + -2?
-1b7
In base 11, what is -2a07 + -1?
-2a08
In base 10, what is -1 + -1308?
-1309
In base 5, what is 133 + 11?
144
In base 5, what is -1 - -142?
141
In base 12, what is 3a + -10?
2a
In base 10, what is 14841 + -4?
14837
In base 16, what is -4 + -2?
-6
In base 5, what is -21 + -200?
-221
In base 3, what is -10 + 21101?
21021
In base 12, what is 33b - -5?
344
In base 5, what is 44 - -3?
102
In base 8, what is -6 + 64?
56
In base 10, what is 2 - -149?
151
In base 16, what is -87 + 7?
-80
In base 8, what is -31450 - 3?
-31453
In base 13, what is 5 - 1b6?
-1b1
In base 11, what is -22 - -198?
176
In base 4, what is 1021120 - 1?
1021113
In base 3, what is 10 + -10112?
-10102
In base 11, what is 5 + -495?
-490
In base 11, what is 100 + -3?
a8
In base 6, what is -22151 + 3?
-22144
In base 4, what is 120 - -2?
122
In base 13, what is -1530 - -4?
-1529
In base 10, what is 3 - 244?
-241
In base 15, what is -153 + -c?
-160
In base 16, what is 0 + -89d?
-89d
In base 3, what is 0 - -2222?
2222
In base 12, what is 492 + -2?
490
In base 10, what is -4558 - -4?
-4554
In base 12, what is -5089 - -1?
-5088
In base 15, what is 2 + 47?
49
In base 6, what is 2 + 252?
254
In base 9, what is 486 + -1?
485
In base 15, what is 2 + -ae?
-ac
In base 13, what is -2 - 4c?
-51
In base 8, what is -4 + 134?
130
In base 14, what is -3 - 135c?
-1361
In base 13, what is -1 + -310?
-311
In base 13, what is 17 - -20c?
226
In base 11, what is 12 + 2a?
41
In base 15, what is -54 + 38?
-1b
In base 5, what is 102 + -10?
42
In base 5, what is 1240 + 0?
1240
In base 8, what is 44 + 1062?
1126
In base 3, what is 2 + 1020?
1022
In base 15, what is 7 - 21?
-19
In base 12, what is -17a - 5?
-183
In base 13, what is -3 + c?
9
In base 8, what is 12 + -11?
1
In base 11, what is 119 - 71?
58
In base 6, what is -235 - -23?
-212
In base 16, what is -c + -3?